{"id":182,"date":"2022-09-02T13:32:13","date_gmt":"2022-09-02T11:32:13","guid":{"rendered":"https:\/\/leptitmanege.fr\/?page_id=182"},"modified":"2023-06-14T21:03:51","modified_gmt":"2023-06-14T19:03:51","slug":"les-bulles","status":"publish","type":"page","link":"https:\/\/leptitmanege.fr\/index.php\/les-bulles\/","title":{"rendered":"Les bulles"},"content":{"rendered":"\n<p><strong>Pour la grande joie des enfants<\/strong><\/p>\n\n\n\n<p>Les dimanches j&rsquo;installe un appareil \u00e0 bulles <img loading=\"lazy\" decoding=\"async\" width=\"200\" height=\"222\" class=\"wp-image-183\" style=\"width: 200px;\" src=\"https:\/\/leptitmanege.fr\/wp-content\/uploads\/2022\/09\/bulles-2.jpg\" alt=\"\" srcset=\"https:\/\/leptitmanege.fr\/wp-content\/uploads\/2022\/09\/bulles-2.jpg 1430w, https:\/\/leptitmanege.fr\/wp-content\/uploads\/2022\/09\/bulles-2-271x300.jpg 271w, https:\/\/leptitmanege.fr\/wp-content\/uploads\/2022\/09\/bulles-2-924x1024.jpg 924w, https:\/\/leptitmanege.fr\/wp-content\/uploads\/2022\/09\/bulles-2-768x851.jpg 768w, https:\/\/leptitmanege.fr\/wp-content\/uploads\/2022\/09\/bulles-2-1387x1536.jpg 1387w\" sizes=\"auto, (max-width: 200px) 100vw, 200px\" \/><\/p>\n\n\n\n<p class=\"has-text-align-center\">En plus, les jours de f\u00eate je mets \u00e0 disposition ce qu&rsquo;il faut pour faire de grosses bulles <img loading=\"lazy\" decoding=\"async\" width=\"400\" height=\"184\" class=\"wp-image-184\" style=\"width: 400px;\" src=\"https:\/\/leptitmanege.fr\/wp-content\/uploads\/2022\/09\/lasso-et-table.jpg\" alt=\"\" srcset=\"https:\/\/leptitmanege.fr\/wp-content\/uploads\/2022\/09\/lasso-et-table.jpg 2090w, https:\/\/leptitmanege.fr\/wp-content\/uploads\/2022\/09\/lasso-et-table-300x138.jpg 300w, https:\/\/leptitmanege.fr\/wp-content\/uploads\/2022\/09\/lasso-et-table-1024x472.jpg 1024w, https:\/\/leptitmanege.fr\/wp-content\/uploads\/2022\/09\/lasso-et-table-768x354.jpg 768w, https:\/\/leptitmanege.fr\/wp-content\/uploads\/2022\/09\/lasso-et-table-1536x708.jpg 1536w, https:\/\/leptitmanege.fr\/wp-content\/uploads\/2022\/09\/lasso-et-table-2048x944.jpg 2048w\" sizes=\"auto, (max-width: 400px) 100vw, 400px\" \/><\/p>\n\n\n\n<p>J&rsquo;ai enfin trouv\u00e9 (Merci \u00e0 Aldis et son \u00e9pouse, qui me l&rsquo;ont dit) la recette simple et efficace du produit \u00e0 bulle : c&rsquo;est tout simplement ce produit \u00e0 vaisselle (en boutique bio)  : <img loading=\"lazy\" decoding=\"async\" width=\"150\" height=\"200\" class=\"wp-image-185\" style=\"width: 150px;\" src=\"https:\/\/leptitmanege.fr\/wp-content\/uploads\/2022\/09\/artisan-savonnier-prdt-vaiselles-pour-bulles-scaled.jpg\" alt=\"\" srcset=\"https:\/\/leptitmanege.fr\/wp-content\/uploads\/2022\/09\/artisan-savonnier-prdt-vaiselles-pour-bulles-scaled.jpg 1920w, https:\/\/leptitmanege.fr\/wp-content\/uploads\/2022\/09\/artisan-savonnier-prdt-vaiselles-pour-bulles-225x300.jpg 225w, https:\/\/leptitmanege.fr\/wp-content\/uploads\/2022\/09\/artisan-savonnier-prdt-vaiselles-pour-bulles-768x1024.jpg 768w, https:\/\/leptitmanege.fr\/wp-content\/uploads\/2022\/09\/artisan-savonnier-prdt-vaiselles-pour-bulles-1152x1536.jpg 1152w, https:\/\/leptitmanege.fr\/wp-content\/uploads\/2022\/09\/artisan-savonnier-prdt-vaiselles-pour-bulles-1536x2048.jpg 1536w\" sizes=\"auto, (max-width: 150px) 100vw, 150px\" \/> liquide vaisselle de l&rsquo;artisan savonnier en 1l (environ 2,35\u20ac et 5l (env 13\u20ac); \u00e0 raison de 50gr\/litre d&rsquo;eau distill\u00e9e de pr\u00e9f\u00e9rence, que l&rsquo;on se procure aussi en jardinerie gratuitement, venir avec son r\u00e9cipient.<\/p>\n\n\n\n<p>____________________________________________________________________________________________________<\/p>\n\n\n\n<p>Pour m\u00e9moire, et pour les curieux: Les 1er ann\u00e9es j&rsquo;avais suivi les explications de cette vid\u00e9o : <a href=\"https:\/\/www.youtube.com\/watch?v=E2hAxzKFn9U\">https:\/\/www.youtube.com\/watch?v=E2hAxzKFn9U<\/a>,  qui fonctionne tr\u00e8s bien, mais c&rsquo;est tr\u00e8s gal\u00e8re de trouver les produits (que via amazone, que je boycotte).<br>Le monsieur donne une quantit\u00e9 de savon en tasse, \u00e0 savoir 60ml (\u00e7a marche aussi avec 50cl) pour 1l d&rsquo;eau + 1,2ml de Jlube et 2,5ml de sucre<br><br>le Jlube est du poly\u00e9thyl\u00e8ne, qui donne de la tenue au grosses bulles, lien: <a href=\"https:\/\/www.amazon.fr\/Lubrifiant-base-deau-J-Lube-Poudre\/dp\/B006G2S17A\/ref=as_li_ss_tl?__mk_fr_FR=%C3%85M%C3%85%C5%BD%C3%95%C3%91&amp;dchild=1&amp;keywords=J-Lube&amp;qid=1590156601&amp;sr=8-3&amp;linkCode=sl1&amp;tag=labizounerie-21&amp;linkId=6bc93047a3c6d0aff3ef782c406b6fc1\">https:\/\/www.amazon.fr\/Lubrifiant-base-deau-J-Lube-Poudre\/dp\/B006G2S17A\/ref=as_li_ss_tl?__mk_fr_FR=%C3%85M%C3%85%C5%BD%C3%95%C3%91&amp;dchild=1&amp;keywords=J-Lube&amp;qid=1590156601&amp;sr=8-3&amp;linkCode=sl1&amp;tag=labizounerie-21&amp;linkId=6bc93047a3c6d0aff3ef782c406b6fc1<\/a><br><br>Il m&rsquo;en reste, que je partage volontiers \u00e0 qui me le demande. <br><br>cot\u00e9 savon, j&rsquo;avais essay\u00e9 ces 3 l\u00e0:<br>le dawn, recommand\u00e9 dans la vid\u00e9o <a href=\"https:\/\/www.amazon.fr\/dp\/B079WM49VD?psc=1&amp;pf_rd_p=06047102-88a3-4bb9-a45f-759b7afbfe45&amp;pf_rd_r=JYTT4BFDXS7YGCM8H84Z&amp;pd_rd_wg=TWDQs&amp;pd_rd_i=B079WM49VD&amp;pd_rd_w=Jg2hN&amp;pd_rd_r=5d6e0970-c261-4d30-9bfc-fc1e7734b8bd&amp;ref_=pd_luc_rh_ci_mcx_mr_huc_d_01_04_t_img_lh\">https:\/\/www.amazon.fr\/dp\/B079WM49VD?psc=1&amp;pf_rd_p=06047102-88a3-4bb9-a45f-759b7afbfe45&amp;pf_rd_r=JYTT4BFDXS7YGCM8H84Z&amp;pd_rd_wg=TWDQs&amp;pd_rd_i=B079WM49VD&amp;pd_rd_w=Jg2hN&amp;pd_rd_r=5d6e0970-c261-4d30-9bfc-fc1e7734b8bd&amp;ref_=pd_luc_rh_ci_mcx_mr_huc_d_01_04_t_img_lh<\/a><br><br>le fairy : <a href=\"https:\/\/www.amazon.fr\/dp\/B01IVIHG8Q?psc=1&amp;pf_rd_p=06047102-88a3-4bb9-a45f-759b7afbfe45&amp;pf_rd_r=JYTT4BFDXS7YGCM8H84Z&amp;pd_rd_wg=TWDQs&amp;pd_rd_i=B01IVIHG8Q&amp;pd_rd_w=Jg2hN&amp;pd_rd_r=5d6e0970-c261-4d30-9bfc-fc1e7734b8bd&amp;ref_=pd_luc_rh_ci_mcx_mr_huc_d_01_02_t_img_lh\">https:\/\/www.amazon.fr\/dp\/B01IVIHG8Q?psc=1&amp;pf_rd_p=06047102-88a3-4bb9-a45f-759b7afbfe45&amp;pf_rd_r=JYTT4BFDXS7YGCM8H84Z&amp;pd_rd_wg=TWDQs&amp;pd_rd_i=B01IVIHG8Q&amp;pd_rd_w=Jg2hN&amp;pd_rd_r=5d6e0970-c261-4d30-9bfc-fc1e7734b8bd&amp;ref_=pd_luc_rh_ci_mcx_mr_huc_d_01_02_t_img_lh<\/a><br><br>l&rsquo;arbre vert : <a href=\"https:\/\/www.amazon.fr\/dp\/B005HTCUJI\/ref=vp_d_cpf-substitute-widget_pd?_encoding=UTF8&amp;pd_rd_i=B005HTCUJI&amp;pd_rd_w=p0uJn&amp;pf_rd_p=7798709b-5484-486e-8f4c-e746bb235ac2&amp;pf_rd_r=4YK1150ZV4TFQCR6MV1W&amp;pd_rd_r=896e1425-9101-4d3b-a01d-85255f674804&amp;pd_rd_wg=57z4K\">https:\/\/www.amazon.fr\/dp\/B005HTCUJI\/ref=vp_d_cpf-substitute-widget_pd?_encoding=UTF8&amp;pd_rd_i=B005HTCUJI&amp;pd_rd_w=p0uJn&amp;pf_rd_p=7798709b-5484-486e-8f4c-e746bb235ac2&amp;pf_rd_r=4YK1150ZV4TFQCR6MV1W&amp;pd_rd_r=896e1425-9101-4d3b-a01d-85255f674804&amp;pd_rd_wg=57z4K<\/a><br>qui dans ma machine \u00e0 bulles, fonctionne un peu moins bien, juste un peu moins&#8230;<br><br><br><\/p>\n","protected":false},"excerpt":{"rendered":"<p>Pour la grande joie des enfants Les dimanches j&rsquo;installe un appareil \u00e0 bulles En plus, les jours de f\u00eate je mets \u00e0 disposition ce qu&rsquo;il [&#8230;]<\/p>\n","protected":false},"author":1,"featured_media":0,"parent":0,"menu_order":0,"comment_status":"closed","ping_status":"closed","template":"","meta":{"footnotes":""},"class_list":["post-182","page","type-page","status-publish","hentry"],"_links":{"self":[{"href":"https:\/\/leptitmanege.fr\/index.php\/wp-json\/wp\/v2\/pages\/182","targetHints":{"allow":["GET"]}}],"collection":[{"href":"https:\/\/leptitmanege.fr\/index.php\/wp-json\/wp\/v2\/pages"}],"about":[{"href":"https:\/\/leptitmanege.fr\/index.php\/wp-json\/wp\/v2\/types\/page"}],"author":[{"embeddable":true,"href":"https:\/\/leptitmanege.fr\/index.php\/wp-json\/wp\/v2\/users\/1"}],"replies":[{"embeddable":true,"href":"https:\/\/leptitmanege.fr\/index.php\/wp-json\/wp\/v2\/comments?post=182"}],"version-history":[{"count":5,"href":"https:\/\/leptitmanege.fr\/index.php\/wp-json\/wp\/v2\/pages\/182\/revisions"}],"predecessor-version":[{"id":201,"href":"https:\/\/leptitmanege.fr\/index.php\/wp-json\/wp\/v2\/pages\/182\/revisions\/201"}],"wp:attachment":[{"href":"https:\/\/leptitmanege.fr\/index.php\/wp-json\/wp\/v2\/media?parent=182"}],"curies":[{"name":"wp","href":"https:\/\/api.w.org\/{rel}","templated":true}]}}